 What is z(-9)?
251
Let l(a) = -2*a**3 - 63*a**2 - 25*a - 1810. Calculate l(-32).
14
Let i(f) = -2088*f - 4242. Calculate i(-2).
-66
Let m(z) = 7*z**2 + 51*z - 5. Determine m(-9).
103
Let a(h) = h**2 + 24*h - 93. Calculate a(4).
19
Let y(a) = -2*a**3 + 12*a**2 + 51*a - 153. Give y(8).
-1
Let j(x) = x**3 + 26*x**2 - 21*x + 157. Calculate j(-28).
-823
Let h(x) = -101*x + 1087. Give h(11).
-24
Let x(c) = c**2 + 7*c + 22. Calculate x(-3).
10
Let j(o) = -46*o + 906. Determine j(22).
-106
Let u(v) = 1330*v - 13296. Determine u(10).
4
Let p(m) = 101*m + 4650. Give p(-46).
4
Let n(v) = -121*v - 717. Calculate n(-5).
-112
Let d(l) = -l**3 - 4*l**2 + 54*l - 22. What is d(-10)?
38
Let a(w) = -108*w + 691. Determine a(6).
43
Let y(b) = -1104*b - 130269. Give y(-118).
3
Let q(y) = 1515*y**2 - 4543*y - 5. What is q(3)?
1
Let b(i) = -629*i + 3151. Calculate b(5).
6
Let x(b) = -17*b**2 + 27*b + 4. Calculate x(2).
-10
Let g(q) = -2*q**3 - 36*q**2 - 4*q - 61. Give g(-18).
11
Let r(j) = 7*j**2 + 6*j + 21. Give r(-3).
66
Let k(a) = 162*a + 3232. Determine k(-21).
-170
Let h(a) = 31*a**2 - 16*a + 4. Determine h(1).
19
Let i(c) = c**3 + 3*c**2 - 73*c + 4. Give i(0).
4
Let c(q) = -23*q + 369. Determine c(14).
47
Let n(z) = -7*z**3 - 35*z**2 - 2*z - 15. Give n(-5).
-5
Let c(u) = 5*u - 84. Give c(38).
106
Let h(s) = -s**3 + 13*s**2 - 83*s + 253. Give h(6).
7
Let y(t) = -119*t - 5596. Determine y(-47).
-3
Let r(u) = -u**3 + 4*u**2 - 248*u + 1578. Calculate r(6).
18
Let s(g) = -115*g**3 + 17*g**2 + 16*g + 1. Give s(-1).
117
Let n(u) = -3*u**3 + 38*u**2 + 107*u - 1221. Give n(13).
1
Let c(p) = -355*p - 14226. Give c(-40).
-26
Let t(k) = -k**2 - 12*k - 39. What is t(-5)?
-4
Let j(s) = -3*s**3 - 69*s**2 + 61*s + 47. Give j(-24).
311
Let u(m) = 2461*m - 14744. Give u(6).
22
Let p(c) = 6*c**2 - 237*c - 209. What is p(37)?
-764
Let x(j) = 62*j - 2396. Determine x(37).
-102
Let b(w) = -39*w + 1353. What is b(34)?
27
Let s(r) = r**2 - 22*r - 715. Determine s(40).
5
Let x(r) = -7*r**2 + 2233*r - 15286. Give x(312).
2
Let l(b) = -7*b - 205. Determine l(-29).
-2
Let y(d) = -13*d**2 - 142*d + 108. Determine y(-12).
-60
Let a(u) = -22*u + 114. What is a(7)?
-40
Let h(k) = k**2 - 42*k + 260. Determine h(33).
-37
Let p(o) = 35*o**3 + 2*o**2 + 4*o. Calculate p(-1).
-37
Let j(t) = -104*t**2 - 28*t - 1. Give j(1).
-133
Let d(z) = -2*z**3 + 10*z**2 + 31*z + 7. Determine d(7).
28
Let l(c) = 5*c**3 + c**2 - 2*c + 52. Determine l(0).
52
Let u(n) = -65*n + 1056. Determine u(17).
-49
Let n(b) = -b**3 - 22*b**2 - 19*b - 69. Determine n(-23).
897
Let n(z) = 2*z**2 + 54*z + 274. Determine n(-6).
22
Let v(u) = u + 129. What is v(-39)?
90
Let u(b) = 435*b - 13903. Give u(32).
17
Let n(c) = 34*c - 267. Give n(7).
-29
Let f(c) = 134*c**2 + 1349*c + 79. Determine f(-10).
-11
Let u(d) = -3*d**3 + 236*d**2 + 81*d - 152. Calculate u(79).
6
Let i(t) = 476*t - 1445. What is i(3)?
-17
Let i(w) = -446*w - 1300. Determine i(-3).
38
Let v(h) = -2*h**3 + 22*h**2 + 36*h - 373. Give v(4).
-5
Let z(t) = 2*t**2 - 52*t - 39. Calculate z(28).
73
Let w(g) = 18*g + 224. Calculate w(-12).
8
Let j(i) = -5660*i - 28300. Determine j(-5).
0
Let l(m) = 7*m**3 - 990*m**2 + 424*m - 139. Give l(141).
2
Let s(m) = -m**2 - 36*m - 313. What is s(-20)?
7
Let i(a) = 824*a - 3131. Calculate i(4).
165
Let z(p) = p**3 - 16*p**2 - 63*p + 4. Calculate z(-3).
22
Let j(w) = 137*w**2 + 34*w. Calculate j(1).
171
Let g(t) = 3*t**3 + 2*t**2 + 2*t - 21. Calculate g(3).
84
Let m(i) = -34*i + 3327. What is m(98)?
-5
Let g(x) = 94*x + 226. What is g(-3)?
-56
Let s(f) = -f**2 + 44*f + 1453. Calculate s(66).
1
Let x(u) = -16*u**3 - 63*u**2 - 4*u - 8. Calculate x(-4).
24
Let p(w) = -2*w + 180. Determine p(3).
174
Let j(t) = -1953*t + 3901. Give j(2).
-5
Let i(n) = 164*n**2 - 1637*n - 32. Determine i(10).
-2
Let p(z) = -2*z**3 - 100*z**2 + 105*z + 175. Give p(-51).
22
Let h(y) = -y**3 + 3*y**2 - 2*y + 15. Calculate h(0).
15
Let x(r) = 2*r**2 + 275*r + 9413. Calculate x(-73).
-4
Let u(w) = -w**2 + 1004*w + 11163. Determine u(-11).
-2
Let j(q) = q**3 + 11*q**2 - 12*q + 33. Calculate j(-12).
33
Let j(c) = 127*c - 8. Determine j(0).
-8
Let x(u) = -4*u**2 - 38*u + 2. Determine x(-4).
90
Let g(c) = c**2 - 110*c + 1280. Determine g(99).
191
Let y(t) = 16*t**2 - 25*t + 30. What is y(4)?
186
Let y(n) = n**3 - 36*n**2 - 35*n - 37. Determine y(37).
37
Let n(m) = m**3 - 17*m**2 + 21*m - 92. Determine n(16).
-12
Let c(t) = -16*t**2 - 304*t - 1. What is c(-19)?
-1
Let w(h) = 2*h + 52. Determine w(-25).
2
Let g(d) = -d**3 + 51*d**2 + 470*d + 75. Give g(59).
-43
Let v(i) = i**3 + 3*i**2 - 652*i + 51. Determine v(24).
-45
Let s(o) = -o**3 - 7*o**2 + 51*o + 306. What is s(-9)?
9
Let o(w) = w**2 + 43*w + 273. What is o(-34)?
-33
Let w(v) = -14*v**2 - 115*v - 33. Give w(-8).
-9
Let n(f) = 4*f**2 - 138*f + 294. Calculate n(32).
-26
Let p(z) = -z**3 + 12*z**2 - 10*z - 4. Calculate p(9).
149
Let p(b) = -b**3 - 30*b**2 + 19*b - 366. Determine p(-31).
6
Let z(f) = 4*f**3 + 3*f**2 + 6*f + 4. Calculate z(-2).
-28
Let m(a) = -2*a**3 - 23*a**2 + 106*a - 5. Calculate m(-15).
-20
Let w(t) = -t**3 + 24*t**2 - 126*t + 6. What is w(16)?
38
Let t(q) = -q**3 - 11*q**2 - 16*q - 65. Determine t(-9).
-83
Let g(w) = -w**3 + 8*w**2 + 26*w - 64. What is g(10)?
-4
Let b(l) = -7*l - 71. Give b(-30).
139
Let d(p) = 173*p - 1916. What is d(11)?
-13
Let u(l) = -l**3 - 10*l**2 + 8*l + 110. What is u(-6)?
-82
Let m(z) = z**3 - 2*z**2 + 6*z - 73. What is m(0)?
-73
Let m(w) = 3*w**2 - 302*w - 1390. Calculate m(105).
-25
Let y(g) = -6*g**2 + 7*g - 7. Calculate y(5).
-122
Let t(y) = -y**3 + 16*y**2 - 3*y + 20. Calculate t(17).
-320
Let s(x) = -7*x**2 + 17*x - 69. Calculate s(4).
-113
Let c(i) = 12*i**2 + 2488*i + 802. Calculate c(-207).
-26
Let f(o) = -3891*o + 15593. Calculate f(4).
29
Let f(t) = -t**3 + 9*t**2 - 14*t + 49. Calculate f(7).
49
Let m(b) = 40*b - 708. Determine m(15).
-108
Let h(l) = 16*l - 190. Determine h(11).
-14
Let b(w) = -w**3 - 30*w**2 - 16*w + 122. Calculate b(-29).
-255
Let w(b) = -b**2 - 36*b - 138. Calculate w(-32).
-10
Let f(d) = -d**2 - 7*d + 145. What is f(12)?
-83
Let f(n) = 2*n**2 + 15*n + 79. Calculate f(-5).
54
Let t(l) = l**3 + 38*l**2 - 122*l + 41. Determine t(-41).
0
Let p(o) = o**2 - 119*o + 1407. Calculate p(16).
-241
Let m(k) = -k**3 - 68*k**2 + 442*k - 130. Calculate m(-74).
18
Let p(g) = g**2 + 25*g - 86. Give p(-33).
178
Let k(g) = -g**3 + 2*g**2 + 166*g - 23. Determine k(-11).
-276
Let b(x) = 54*x + 992. Determine b(-18).
20
Let h(i) = 195*i**2 - 26*i + 21. Give h(1).
190
Let s(k) = 10*k**2 - 17*k + 44. Determine s(4).
136
Let f(k) = 5*k**3 - k**2 - 32*k - 53. Give f(-2).
-33
Let j(m) = -549*m - 14817. Calculate j(-27).
6
Let h(m) = 2*m**3 - 25*m**2 + 7*m - 3. Calculate h(12).
-63
Let l(m) = -408*m**3 - 22*m + 21. Calculate l(1).
-409
Let t(z) = -91*z + 307. Calculate t(6).
-239
Let d(p) = p**3 + 10*p**2 + 39*p + 65. Give d(-3).
11
Let i(z) = z**3 + 21*z**2 + 100*z + 1189. Give i(-19).
11
Let u(s) = s**3 + 26*s**2 + 113*s - 42. What is u(-6)?
0
Let n(z) = 4*z**3 + 9*z**2 + 12*z + 27. What is n(-2)?
7
Let x(b) = 4*b**3 + 36*b**2 + 114*b + 12. Give x(-4).
-124
Let p(t) = t**3 + 15*t**2 - 13*t - 164. Give p(-15).
31
Let f(y) = -y**2 + 3*y + 29. Calculate f(8).
-11
Let x(v) = -299*v - 1651. Give x(-6).
143
Let s(m) = -46*m**2 - 3445*m + 384. Calculate s(-75).
9
Let t(m) = -m**2 + 84*m - 61. Determine t(83).
22
Let u(f) = -5*f**2 + 239*f - 490. Calculate u(45).
140
Let w(u) = 3*u**2 - 27*u - 4. Calculate w(11).
62
Let k(l) = -36*l - 154. Give k(-4).
-10
Let q(p) = 25*p**3 - 2*p**2 - 6*p + 7. Calculate q(1).
24
Let m(a) = 4*a**2 - 211*a - 201. Calculate m(53).
-148
Let q(g) = -196*g + 5479. Determine q(28).
-9
Let z(o) = o**2 - 30*o - 72. Give z(32).
-8
Let v(m) = -34*m - 114. What is v(-7)?
124
Let d(n) = -n**3 + 2*n**2 + 1136*n - 3400. Give d(3).
-1
Let y(d) = -9*d**2 + 352*d + 2556. What is y(-7)?
-349
Let p(t) = 97*t - 478. Determine p(8).
298
Let q(w) = -w**2 - 134*w - 775. Determine q(-6).
-7
Let k(u) = -93*u - 508. Calculate k(-6).
50
Let w(c) = -2*c**3 + 56*c**2 + 84*c - 743. Determine w(29).
11
Let n(l) = -20*l + 44. What is n(-4)?
124
Let i(j) = j**2 + 2038*j - 18419. Give i(9).
4
Let q(a) = 3*a**2 + 482*a + 9726. Determine q(-137).
-1
Let n(l) = 171*l